. Suppose 0 = -r*k + 18 + 12. What is the remainder when 28 is divided by k?
8
Calculate the remainder when 42 is divided by ((-4)/1)/(2/(-11)).
20
Suppose 4*d = 185 + 23. What is the remainder when d is divided by 18?
16
What is the remainder when 55 is divided by -3 - (-2 - 1 - 28)?
27
Calculate the remainder when (-4)/30 - (-2)/(210/539) is divided by 2.
1
Suppose -5*n = -3*n. Suppose n = -z + 43 + 5. Calculate the remainder when z is divided by 17.
14
Let l(b) = b**3 + 4*b**2 - 6*b - 7. Let m be l(-5). Let a = m - -8. Calculate the remainder when 66/4 + 1/2 is divided by a.
5
Calculate the remainder when (-2)/(2/(-471)*3) is divided by 20.
17
Suppose -33 + 222 = 7*z. What is the remainder when 43 is divided by z?
16
Suppose 4*s - 4*k - 488 = 0, 8*k - 358 = -3*s + 3*k. Suppose -124 = -2*i - 2*i. What is the remainder when s is divided by i?
28
Suppose c - 7*d = -5*d + 12, -6 = -2*d. Calculate the remainder when 35 is divided by c.
17
Let r = -14 + 27. Calculate the remainder when r is divided by 2*(3 - 1)*1.
1
Let g(x) = -x**3 + 7*x**2 + x + 1. Calculate the remainder when g(6) is divided by 12.
7
Suppose 5*m + 3*p - 47 - 3 = 0, m - 4*p + 13 = 0. What is the remainder when 24 is divided by m?
3
Suppose 0 + 2 = r. Suppose -3*x - r*x = 0. Suppose -3*d + 3*z = -39, 3*z - 41 = -x*d - 5*d. Calculate the remainder when 19 is divided by d.
9
Suppose 0*t = t - 11. Let f(q) = q**2 - q + 2. Let z(b) = -b - 4. Let k be z(-6). What is the remainder when t is divided by f(k)?
3
Let j(r) = 43*r. Let v(b) = -3*b + 3. Let p(u) = -7*u + 7. Let a(q) = 2*p(q) - 5*v(q). Let w be a(2). What is the remainder when j(w) is divided by 15?
13
Let r(v) = -v**3 - 7*v**2 - 7*v. What is the remainder when r(-6) is divided by 4?
2
Let b(f) = 10*f**3 + 2*f**2 - f. What is the remainder when (258/(-4))/3*-2 is divided by b(1)?
10
Suppose -4*k + 20 = -0*k. Suppose -5*j + l - 101 = -13, 4*l = j + 10. Let h = -5 - j. What is the remainder when h is divided by k?
3
Suppose 11*x = 8*x + 75. Calculate the remainder when 47 is divided by x.
22
Suppose -4*b - b = 2*f + 10, -5*f - b - 48 = 0. Let m = 14 - f. What is the remainder when 93 is divided by m?
21
Let y(k) = 2*k**2 - 5*k + 12. Let l = 8 + -6. Suppose -l*s + 13 = -s. Calculate the remainder when y(5) is divided by s.
11
Let c be 2/4 - (-27)/(-6). Suppose -3 = -l - 2. Calculate the remainder when 2 is divided by 1 + -3 - (l + c).
0
Let l = 217 - 207. What is the remainder when (-4)/2*34/(-4) is divided by l?
7
Suppose 71 = -7*y + 8*y. What is the remainder when y is divided by 18?
17
Let l = -11 + 98. Let o = l - 44. Calculate the remainder when o is divided by 22.
21
Suppose 2*c + 12 = h - 2, 0 = -2*c - 8. Calculate the remainder when (1/1)/((-3)/(-51)) is divided by h.
5
Let x(m) be the second derivative of 2*m**3 + 7*m**2/2 + 2*m. Calculate the remainder when x(5) is divided by 17.
16
Let g(b) = 2*b**2 + 14*b - 11. Let z(w) = w**3 + 5*w**2 - 4*w - 5. What is the remainder when z(-5) is divided by g(-8)?
0
Suppose -3*c + 0*c = -96. Suppose 4*q - 24 = c. Calculate the remainder when 27 is divided by q.
13
Let m(t) = t**3 + 3*t**2 - 5*t + 2. Calculate the remainder when 27 is divided by m(-4).
3
Suppose 2*s - 5*j - 57 = 0, -3*s + 6 = 4*j - 68. Calculate the remainder when s is divided by 9.
8
Let r = -16 + 12. Let f = -2 + 4. Calculate the remainder when 4 is divided by (-1 - 5)*f/r.
1
Let q be 0 - -2 - (-1)/1. Suppose 4*m = -0*m + 32. Suppose 3*y = -q*f + 21, -5*f = -m + 28. Calculate the remainder when 32 is divided by y.
10
Let f = 38 - -4. Calculate the remainder when f is divided by 15.
12
Let s = 39 - 20. Suppose s = 2*o + 1. Calculate the remainder when 35 is divided by o.
8
Let i(o) = -4*o - 17. Calculate the remainder when i(-11) is divided by 7.
6
Let s = 20 + -10. Suppose -5*l - n + 134 = 0, 0*n + n = l - 28. What is the remainder when l is divided by s?
7
Let l(t) = 2*t**2 + 8*t + 4. What is the remainder when (2/(-4))/((-2)/28) is divided by l(-4)?
3
Let w(r) = -3*r + 75. What is the remainder when w(0) is divided by 19?
18
What is the remainder when 40 is divided by (-56)/4*-1 + 0?
12
Let c(g) = 3*g**2 + 6*g - 7. Let t(i) = -8*i - 3. Let u = 3 + -5. What is the remainder when c(-5) is divided by t(u)?
12
Let d(c) = c + 15. Let x be d(-8). Suppose -125 = g - 6*g. Suppose 2*o = 5*m + 64, 4*m + g = o - x. What is the remainder when o is divided by 17?
15
Let f(y) = y. Let d(b) = 2*b**3 - 2*b**2 - 7*b - 1. Let k(i) = -d(i) - 6*f(i). Calculate the remainder when k(-3) is divided by 24.
22
What is the remainder when 52 is divided by ((-2)/(0 - 6))/((-2)/(-126))?
10
Suppose -10*i = -9*i - 37. Calculate the remainder when i is divided by 14.
9
Suppose t - 6*t = -55. Let j = 36 - -8. Suppose -b + 0*b - 4*g = -j, 3*b - 93 = g. Calculate the remainder when b is divided by t.
10
Suppose 0 = 2*s + 2*s - 36. Suppose -8 = -2*b - 6. Calculate the remainder when s is divided by 3/1*(b - 0).
0
Suppose -5*x - d = 4*d, 0 = 3*x + 4*d. Let s = x - -10. What is the remainder when 37/2 + 3/(-6) is divided by s?
8
Let g = 15 + -3. Let a be (-2)/(-7) - (-2)/(-7). What is the remainder when g is divided by (-16)/8 - (a + -9)?
5
Let t = 77 - 52. Calculate the remainder when t is divided by 9.
7
Suppose -9*x = -6*x - 48. Calculate the remainder when 31 is divided by x.
15
Suppose -g - 2 = -5. Calculate the remainder when 2 is divided by 8/g + 4/(-6).
0
Suppose 0 = -2*j - 108 - 4. What is the remainder when j/(-6)*(-6)/(-4) is divided by 8?
6
Let a = -32 - -34. What is the remainder when 4 is divided by a?
0
Let y be (-26 + -3)/(-1) - -2. Suppose 4*w = y - 7. Calculate the remainder when 15 is divided by w.
3
Let t(s) = s + 16. Let a be 1/(-2*(-1)/138). Suppose a = 3*m - 15. What is the remainder when m is divided by t(-6)?
8
Calculate the remainder when -124*(4/(-8) + 0) is divided by 21.
20
Let x be (-1)/((-2)/(27 - 1)). Let a = x + 0. What is the remainder when 32 is divided by a + (-3 - (-1 - 0))?
10
Let g = -42 - -113. Calculate the remainder when g is divided by 24.
23
Let u = 247 - 128. What is the remainder when u is divided by 30?
29
Suppose 0 = -3*z - z. Suppose -2*m = 2*u - 4, m - 2*u + z*u + 1 = 0. What is the remainder when 1 is divided by m?
0
Let a = 3 - 0. Suppose -2*p - 5*f = -a, 7*p - 71 = 3*p + 3*f. Calculate the remainder when p is divided by (-530)/(-65) - (-6)/(-39).
6
Let o = 42 - 10. Suppose 2*a - o = 18. Calculate the remainder when a is divided by 9.
7
Let r = 44 + -24. Let c = 8 + -1. Calculate the remainder when r is divided by c.
6
Suppose 0*j = a + 3*j - 10, 4*a - 7 = -j. Let y(x) be the second derivative of 10*x**3/3 - x**2/2 - 3*x. Calculate the remainder when y(a) is divided by 7.
5
Calculate the remainder when 7/(2/1 - 1) is divided by 3.
1
Calculate the remainder when 18 is divided by (10/(-8))/(3/(-12)).
3
Suppose -16 + 5 = -t. Let z = 0 + 3. Calculate the remainder when t is divided by z.
2
Let n(y) be the third derivative of -y**5/60 - 7*y**4/24 - 5*y**3/6 + 2*y**2. What is the remainder when 18 is divided by n(-3)?
4
What is the remainder when ((-159)/(-12))/(1/8)*1 is divided by 36?
34
Suppose 10*q - 60 = 6*q. Let i = -12 + q. Suppose 3*o - 3*l - 21 = 0, 3*l + 2 = 2*o + 5*l. Calculate the remainder when o is divided by i.
1
Let g be 4/(-3) + 2/6. Let f = g - -3. What is the remainder when 2 is divided by f?
0
Let y = -8 + 17. What is the remainder when 33 is divided by y?
6
Let y(v) = 2*v**2 + 8*v - 23. What is the remainder when 12 is divided by y(-6)?
0
Let g(o) = o**3 + 7*o**2 + 4*o - 2. Let r be g(-4). Let y = r - 16. What is the remainder when ((-8)/6)/(2/(-39)) is divided by y?
12
Let t(w) = 2*w + w**3 + 12*w**2 - 7 - 5*w + 2*w. What is the remainder when 7 is divided by t(-12)?
2
Let z(y) = 7*y**3 - 3*y**2. Let b be z(2). What is the remainder when 4/(-22) - (-888)/b is divided by 11?
9
Let m be ((-3)/(-1))/((-3)/(-4)). Suppose -5 = 5*i, q - 3*q = m*i. Calculate the remainder when 26 is divided by q*((-5)/(-2) + 2).
8
Suppose -117 - 9 = -9*l. What is the remainder when 55 is divided by l?
13
Let m(u) be the second derivative of u**5/20 + u**2/2 - 2*u. Let g be m(-1). Suppose g*o = o - 2. Calculate the remainder when 2 is divided by o.
0
Suppose -106 = -3*c - 3*p + 5*p, 0 = c - 4*p - 52. C